{"id":38,"date":"2014-01-28T21:05:55","date_gmt":"2014-01-28T19:05:55","guid":{"rendered":"http:\/\/www.mertens-unna.de\/?page_id=38"},"modified":"2018-10-25T14:08:54","modified_gmt":"2018-10-25T12:08:54","slug":"datenschutzerklaerung","status":"publish","type":"page","link":"http:\/\/www.mertens-unna.de\/?page_id=38","title":{"rendered":"Datenschutzerkl\u00e4rung"},"content":{"rendered":"<h3><span style=\"color: #000000;\">Datenschutzerkl\u00e4rung<\/span><\/h3>\n<hr>\n<p><span style=\"color: #000000;\">Mertens Baustoffe GmbH &amp; Co. KG<\/span><br \/>\n<span style=\"color: #000000;\"> Hertingerstra\u00dfe 65<\/span><br \/>\n<span style=\"color: #000000;\"> 59423 Unna<\/span><\/p>\n<p><strong><span style=\"color: #000000;\">Wir freuen uns, dass Sie sich f\u00fcr unseren Internetauftritt unter www.mertens-unna.de und f\u00fcr unser Unternehmen interessieren.<\/span><\/strong><\/p>\n<p><span style=\"color: #000000;\">Der Schutz Ihrer personenbezogenen Daten bei der Erhebung, Verarbeitung und Nutzung anl\u00e4sslich Ihres Besuchs auf unseren Webseiten ist uns ein gro\u00dfes Anliegen. Wir sch\u00fctzen Ihre Daten vollumf\u00e4nglich im Rahmen der gesetzlichen Vorschriften.<\/span><\/p>\n<p><span style=\"color: #000000;\">Im Folgenden erhalten Sie Informationen dar\u00fcber, welche Daten w\u00e4hrend Ihres Besuchs auf unseren Webseiten gespeichert werden und wie diese genutzt werden.<\/span><\/p>\n<p><span style=\"color: #000000;\"><strong>Erhebung, Verarbeitung und Nutzung von Daten<\/strong><br \/>\n<\/span><span style=\"color: #000000;\">Bei dem Besuch und der Nutzung unserer Webseiten und jedem Abruf einer Datei speichert unser Webserver \u00fcber diesen Vorgang bestimmte Protokollinformationen in einer Datei. Personenbezogene Daten speichern wir nicht.<\/span><\/p>\n<p><span style=\"color: #000000;\">Im Einzelnen besteht jeder auf diese Weise gespeicherte Datensatz aus folgenden Angaben:<\/span><br \/>\n<span style=\"color: #000000;\"> \u25aa der Seite, von der aus die Datei angefordert wurde,<\/span><br \/>\n<span style=\"color: #000000;\"> \u25aa dem Namen der abgerufenen Datei,<\/span><br \/>\n<span style=\"color: #000000;\"> \u25aa dem Datum und der Uhrzeit des Abrufs,<\/span><br \/>\n<span style=\"color: #000000;\"> \u25aa der \u00fcbertragenen Datenmenge,<\/span><br \/>\n<span style=\"color: #000000;\"> \u25aa dem Status des Zugriffs (Datei \u00fcbertragen, Datei nicht gefunden, etc.),<\/span><br \/>\n<span style=\"color: #000000;\"> \u25aa der Browserkennung sowie<\/span><br \/>\n<span style=\"color: #000000;\"> Ihrer IP-Adresse in anonymisierter Form. Wir anonymisieren Ihre IP-Adresse sofort mit der Protokollierung durch L\u00f6schung der Ziffern. Daher k\u00f6nnen keine personenbezogenen Benutzerprofile erstellt werden.<\/span><\/p>\n<p><span style=\"color: #000000;\">Wir werten diese Datens\u00e4tze nur zu statischen Zwecken und zur Fehlerdiagnose aus, um unseren Internetauftritt zu optimieren. Eine Weitergabe an Dritte, auch in Ausz\u00fcgen, erfolgt nicht. Wir verkn\u00fcpfen diese Daten nicht mit anderen Daten. Sie bleiben daher beim Besuch und der Nutzung unserer Webseiten anonym.<\/span><\/p>\n<p><span style=\"color: #000000;\">Ausnahmsweise k\u00f6nnen wir im Einzelfall jedoch gesetzlich dazu verpflichtet sein, Dritten (z.B. Strafverfolgungsbeh\u00f6rden) oben genannte Datens\u00e4tze der Besucher unserer Webseiten mitzuteilen.<\/span><\/p>\n<p><span style=\"color: #000000;\"><strong>Kontaktformular<\/strong><br \/>\n<\/span><span style=\"color: #000000;\">Sollten Sie \u00fcber unser Kontaktformular Kontakt zu uns aufnehmen, so k\u00f6nnen Sie hier freiwillig Ihre Kontaktdaten (Name, eMail-Adresse, Rufnummer) angeben, damit wir Sie kontaktieren k\u00f6nnen. Die von Ihnen angegebenen Daten werden unverschl\u00fcsselt an uns \u00fcbertragen. Wir verwenden diese Daten vertraulich und ausschlie\u00dflich daf\u00fcr, um Kontakt zu Ihnen aufzunehmen. Eine Weitergabe an Dritte und eine Verkn\u00fcpfung mit den auf unserem Webserver gespeicherten Protokollinformationen findet nicht statt.<\/span><\/p>\n<p><span style=\"color: #000000;\"><strong>Cookies<\/strong><br \/>\n<\/span><span style=\"color: #000000;\">Wir setzen keine Cookies.<\/span><\/p>\n<p><span style=\"color: #000000;\"><strong>Auskunftsrecht<\/strong><br \/>\n<\/span><span style=\"color: #000000;\">Die Besucher unserer Webseiten haben den Anspruch, auf Antrag unentgeltlich Auskunft dar\u00fcber zu erhalten, welche personenbezogenen Daten \u00fcber sie gespeichert werden, sowie nach Ma\u00dfgabe der gesetzlichen Bestimmungen ein Recht darauf, diese zu berichtigen, zu sperren und zu l\u00f6schen.<\/span><\/p>\n<p><span style=\"color: #000000;\"><strong>Links auf andere Webseiten<\/strong><br \/>\n<\/span><span style=\"color: #000000;\">Auf unseren Webseiten befinden sich Links zu fremden Webseiten, auf denen beispielsweise Cookies verwendet werden k\u00f6nnen. Hierauf haben wir keinen Einfluss und k\u00f6nnen Sie vorher darauf nicht hinweisen. Diese Datenschutzerkl\u00e4rung gilt ausschlie\u00dflich f\u00fcr unsere Webseite www.mertens-unna.de. Die von dieser Seite aus verlinkten Webseiten sind hiervon nicht umfasst. Wir \u00fcbernehmen keine Verantwortung f\u00fcr die Datenschutzkonformit\u00e4t fremder Webseiten, auf die verwiesen wird.<\/span><\/p>\n<p><span style=\"color: #000000;\"><strong>Sicherheitshinweis<\/strong><br \/>\n<\/span><span style=\"color: #000000;\">Wir sind stets darum bem\u00fcht, durch Ergreifen aller technischen und organisatorischen M\u00f6glichkeiten Ihre personenbezogenen Daten so zu speichern, dass sie Dritten nicht zug\u00e4nglich sind. Sollten Sie per eMail oder \u00fcber unser Kontaktformular mit uns in Kontakt treten, so kann die vollst\u00e4ndige Datensicherheit nicht gew\u00e4hrleistet werden. F\u00fcr die \u00dcbermittlung vertraulicher Informationen empfehlen wir Ihnen, ausschlie\u00dflich den Postweg zu w\u00e4hlen.<\/span><\/p>\n<p><span style=\"color: #000000;\">Sie k\u00f6nnen diese Datenschutzerkl\u00e4rung jederzeit von dem Link \u201eDatenschutzerkl\u00e4rung\u201c aus von unserer Website abrufen. Aufgrund der \u00c4nderung gesetzlicher Vorschriften kann eine Anpassung dieser Datenschutzerkl\u00e4rung erforderlich werden. Wir behalten uns daher vor, \u00c4nderungen an dieser Datenschutzerkl\u00e4rung vorzunehmen.<\/span><\/p>\n<p><span style=\"color: #000000;\">Ihre Fragen und Anregungen zum Thema Datenschutz sind uns jederzeit willkommen. Wenden Sie sich hierzu bitte schriftlich per Post an folgende Adresse:<\/span><\/p>\n<p><span style=\"color: #000000;\">Mertens&nbsp;Baustoffe GmbH &amp; Co. KG<\/span><br \/>\n<span style=\"color: #000000;\"> Hertingerstra\u00dfe 65<\/span><br \/>\n<span style=\"color: #000000;\"> 59423 Unna<\/span><\/p>\n","protected":false},"excerpt":{"rendered":"<p>Datenschutzerkl\u00e4rung Mertens Baustoffe GmbH &amp; Co. KG Hertingerstra\u00dfe 65 59423 Unna Wir freuen uns, dass Sie sich f\u00fcr unseren Internetauftritt unter www.mertens-unna.de und f\u00fcr unser Unternehmen interessieren. Der Schutz Ihrer personenbezogenen Daten bei der Erhebung, Verarbeitung und Nutzung anl\u00e4sslich Ihres Besuchs auf unseren Webseiten ist uns ein gro\u00dfes Anliegen. Wir sch\u00fctzen Ihre Daten vollumf\u00e4nglich im&#8230;<\/p>\n","protected":false},"author":1,"featured_media":0,"parent":0,"menu_order":11,"comment_status":"closed","ping_status":"closed","template":"","meta":[],"_links":{"self":[{"href":"http:\/\/www.mertens-unna.de\/index.php?rest_route=\/wp\/v2\/pages\/38"}],"collection":[{"href":"http:\/\/www.mertens-unna.de\/index.php?rest_route=\/wp\/v2\/pages"}],"about":[{"href":"http:\/\/www.mertens-unna.de\/index.php?rest_route=\/wp\/v2\/types\/page"}],"author":[{"embeddable":true,"href":"http:\/\/www.mertens-unna.de\/index.php?rest_route=\/wp\/v2\/users\/1"}],"replies":[{"embeddable":true,"href":"http:\/\/www.mertens-unna.de\/index.php?rest_route=%2Fwp%2Fv2%2Fcomments&post=38"}],"version-history":[{"count":9,"href":"http:\/\/www.mertens-unna.de\/index.php?rest_route=\/wp\/v2\/pages\/38\/revisions"}],"predecessor-version":[{"id":946,"href":"http:\/\/www.mertens-unna.de\/index.php?rest_route=\/wp\/v2\/pages\/38\/revisions\/946"}],"wp:attachment":[{"href":"http:\/\/www.mertens-unna.de\/index.php?rest_route=%2Fwp%2Fv2%2Fmedia&parent=38"}],"curies":[{"name":"wp","href":"https:\/\/api.w.org\/{rel}","templated":true}]}}