{"id":41,"date":"2014-01-28T21:06:08","date_gmt":"2014-01-28T19:06:08","guid":{"rendered":"http:\/\/www.mertens-unna.de\/?page_id=41"},"modified":"2019-07-22T17:15:24","modified_gmt":"2019-07-22T15:15:24","slug":"rohbau","status":"publish","type":"page","link":"http:\/\/www.mertens-unna.de\/?page_id=41","title":{"rendered":"Rohbau"},"content":{"rendered":"<h1><strong><span style=\"color: #ffcc00;\">Gut gebaut mit&#8230; Mertens Baustoffe<\/span><\/strong><\/h1>\n<h3><span style=\"color: #000000;\">Leistungsumgang:&nbsp;<\/span><span style=\"color: #000000;\">Rohbau<\/span><\/h3>\n<hr>\n<p><span style=\"color: #000000;\"><img decoding=\"async\" loading=\"lazy\" class=\"wp-image-556 alignright\" src=\"http:\/\/www.mertens-unna.de\/wp-content\/uploads\/2016\/06\/Rohbau.jpg\" alt=\"Maurer mit Ziegelmauer auf Baustelle\" width=\"350\" height=\"233\" srcset=\"http:\/\/www.mertens-unna.de\/wp-content\/uploads\/2016\/06\/Rohbau.jpg 1688w, http:\/\/www.mertens-unna.de\/wp-content\/uploads\/2016\/06\/Rohbau-300x200.jpg 300w, http:\/\/www.mertens-unna.de\/wp-content\/uploads\/2016\/06\/Rohbau-768x512.jpg 768w, http:\/\/www.mertens-unna.de\/wp-content\/uploads\/2016\/06\/Rohbau-1024x682.jpg 1024w, http:\/\/www.mertens-unna.de\/wp-content\/uploads\/2016\/06\/Rohbau-250x167.jpg 250w\" sizes=\"(max-width: 350px) 100vw, 350px\" \/>Ihren Rohbau decken wir u.a. mit unserer Steinvielfalt (Kalksand-, Porenbeton- und&nbsp;Ziegelsteine), Zuschlagstoffe wie Zement und diversen Sand- und Kiessorten (Silber-, Mauer- und Rheinsand sowie Betonkies) ab. Fertigbetonteile wie Betonst\u00fcrzen und -stufen f\u00fchren wir ebenfalls in unserem Produktportfolio.<\/span><\/p>\n<p><span style=\"color: #000000;\">Auftragsbezogene und nach Ma\u00df angefertigte Ware erhalten Sie auf Bestellung. Dies gilt auch bzgl. der W\u00e4rmed\u00e4mmverbundsysteme (WDVS)&nbsp;f\u00fcr Ihren veredelten Rohbau. Gerne nehmen wir f\u00fcr Ihren Auftrag auch Aufma\u00df vor Ort!<\/span><\/p>\n<p>&nbsp;<\/p>\n<h3>Ihr Fachberater:&nbsp;Rohbau<\/h3>\n<hr>\n<p><img decoding=\"async\" loading=\"lazy\" class=\"alignleft wp-image-724 size-thumbnail\" src=\"http:\/\/www.mertens-unna.de\/wp-content\/uploads\/2016\/12\/002-Mertens-150x150.jpg\" width=\"150\" height=\"150\" srcset=\"http:\/\/www.mertens-unna.de\/wp-content\/uploads\/2016\/12\/002-Mertens-150x150.jpg 150w, http:\/\/www.mertens-unna.de\/wp-content\/uploads\/2016\/12\/002-Mertens-80x80.jpg 80w, http:\/\/www.mertens-unna.de\/wp-content\/uploads\/2016\/12\/002-Mertens-118x118.jpg 118w, http:\/\/www.mertens-unna.de\/wp-content\/uploads\/2016\/12\/002-Mertens-239x239.jpg 239w\" sizes=\"(max-width: 150px) 100vw, 150px\" \/><\/p>\n<h4><span style=\"color: #000000;\">Uwe M\u00fcller<\/span><\/h4>\n<p><span style=\"color: #000000;\">Telefon&nbsp;(0 23 03)&nbsp;9 86 93-5<\/span><br \/>\n<span style=\"color: #000000;\"> E-Mail:&nbsp;<\/span><span class=\"s1\"><a href=\"mailto:mueller@mertens-unna.de\">mueller@mertens-unna.de<\/a><\/span><\/p>\n<p>&nbsp;<\/p>\n<p>&nbsp;<\/p>\n<p>&nbsp;<\/p>\n<h3>Ihre Fachberaterin:&nbsp;WDVS<\/h3>\n<hr>\n<p><img decoding=\"async\" loading=\"lazy\" class=\"alignleft wp-image-687 size-thumbnail\" src=\"http:\/\/www.mertens-unna.de\/wp-content\/uploads\/2016\/08\/0015-150x150.jpg\" width=\"150\" height=\"150\"><\/p>\n<h4><span style=\"color: #000000;\">Nina Hangebrock<\/span><\/h4>\n<p><span style=\"color: #000000;\">Telefon&nbsp;(0 23 03)&nbsp;9 86 93-4<\/span><br \/>\n<span style=\"color: #000000;\">E-Mail:&nbsp;<\/span><span class=\"s1\"><a href=\"mailto:nhangebrock@mertens-unna.de\">nhangebrock@mertens-unna.de<\/a><\/span><span class=\"s2\">&nbsp;&nbsp;&nbsp;&nbsp;&nbsp;<\/span><\/p>\n<h3>&nbsp;<\/h3>\n<h3>&nbsp;<\/h3>\n<p>&nbsp;<\/p>\n<h3><span style=\"color: #000000;\">Wir arbeiten mit nachstehenden Herstellern zusammen<\/span><\/h3>\n<hr>\n<p><span style=\"color: #000000;\">Cirkel GmbH &amp; Co. KG<strong><br \/>\n<\/strong><a href=\"http:\/\/www.cirkel.de\" target=\"_blank\"><span style=\"color: #ffcc00;\">www.cirkel.de<\/span><\/a><\/span><\/p>\n<p><span style=\"color: #000000;\">Ziegelwerk Otto Bergmann GmbH (UNIPOR)<strong><br \/>\n<\/strong><span style=\"color: #ffcc00;\"><a style=\"color: #ffcc00;\" href=\"http:\/\/www.bergmann-ziegel.de\/\" target=\"_blank\">www.bergmann-ziegel.de<\/a><\/span><\/span><\/p>\n<p><span style=\"color: #000000;\">W\u00fcseke Baustoffwerke GmbH<\/span><br \/>\n<span style=\"color: #ffcc00;\"> <a style=\"color: #ffcc00;\" href=\"http:\/\/www.wueseke.de\/\" target=\"_blank\">www.wueseke.de<\/a><\/span><\/p>\n","protected":false},"excerpt":{"rendered":"<p>Gut gebaut mit&#8230; Mertens Baustoffe Leistungsumgang:&nbsp;Rohbau Ihren Rohbau decken wir u.a. mit unserer Steinvielfalt (Kalksand-, Porenbeton- und&nbsp;Ziegelsteine), Zuschlagstoffe wie Zement und diversen Sand- und Kiessorten (Silber-, Mauer- und Rheinsand sowie Betonkies) ab. Fertigbetonteile wie Betonst\u00fcrzen und -stufen f\u00fchren wir ebenfalls in unserem Produktportfolio. Auftragsbezogene und nach Ma\u00df angefertigte Ware erhalten Sie auf Bestellung. Dies gilt&#8230;<\/p>\n","protected":false},"author":1,"featured_media":0,"parent":0,"menu_order":12,"comment_status":"closed","ping_status":"closed","template":"","meta":[],"_links":{"self":[{"href":"http:\/\/www.mertens-unna.de\/index.php?rest_route=\/wp\/v2\/pages\/41"}],"collection":[{"href":"http:\/\/www.mertens-unna.de\/index.php?rest_route=\/wp\/v2\/pages"}],"about":[{"href":"http:\/\/www.mertens-unna.de\/index.php?rest_route=\/wp\/v2\/types\/page"}],"author":[{"embeddable":true,"href":"http:\/\/www.mertens-unna.de\/index.php?rest_route=\/wp\/v2\/users\/1"}],"replies":[{"embeddable":true,"href":"http:\/\/www.mertens-unna.de\/index.php?rest_route=%2Fwp%2Fv2%2Fcomments&post=41"}],"version-history":[{"count":47,"href":"http:\/\/www.mertens-unna.de\/index.php?rest_route=\/wp\/v2\/pages\/41\/revisions"}],"predecessor-version":[{"id":1086,"href":"http:\/\/www.mertens-unna.de\/index.php?rest_route=\/wp\/v2\/pages\/41\/revisions\/1086"}],"wp:attachment":[{"href":"http:\/\/www.mertens-unna.de\/index.php?rest_route=%2Fwp%2Fv2%2Fmedia&parent=41"}],"curies":[{"name":"wp","href":"https:\/\/api.w.org\/{rel}","templated":true}]}}