{"id":44,"date":"2014-01-28T21:06:30","date_gmt":"2014-01-28T19:06:30","guid":{"rendered":"http:\/\/www.mertens-unna.de\/?page_id=44"},"modified":"2019-07-22T17:17:45","modified_gmt":"2019-07-22T15:17:45","slug":"fliesenprofi-fliesenausstellung","status":"publish","type":"page","link":"http:\/\/www.mertens-unna.de\/?page_id=44","title":{"rendered":"Fliesen\/ Bodenbel\u00e4ge"},"content":{"rendered":"<div>\n<div id=\"main-col\">\n<div id=\"page-50\">\n<h1 style=\"text-align: left;\"><strong><span style=\"color: #ffcc00;\">Gut gebaut mit&#8230; Mertens Baustoffe<\/span><\/strong><\/h1>\n<h3><span style=\"color: #000000;\">Leistungsumgang: Fliesen\/Bodenbel\u00e4ge<\/span><\/h3>\n<hr>\n<h3><span style=\"color: #000000;\"><img decoding=\"async\" loading=\"lazy\" class=\"alignright wp-image-555\" src=\"http:\/\/www.mertens-unna.de\/wp-content\/uploads\/2016\/06\/Fliesen.jpg\" width=\"350\" height=\"233\" srcset=\"http:\/\/www.mertens-unna.de\/wp-content\/uploads\/2016\/06\/Fliesen.jpg 1688w, http:\/\/www.mertens-unna.de\/wp-content\/uploads\/2016\/06\/Fliesen-300x200.jpg 300w, http:\/\/www.mertens-unna.de\/wp-content\/uploads\/2016\/06\/Fliesen-768x512.jpg 768w, http:\/\/www.mertens-unna.de\/wp-content\/uploads\/2016\/06\/Fliesen-1024x682.jpg 1024w, http:\/\/www.mertens-unna.de\/wp-content\/uploads\/2016\/06\/Fliesen-250x167.jpg 250w\" sizes=\"(max-width: 350px) 100vw, 350px\" \/><\/span><\/h3>\n<p><span style=\"color: #000000;\">Im Fachbereich Fliese sind wir f\u00fcr Sie genau der richtige Ansprechpartner! Wir verf\u00fcgen nicht nur \u00fcber eine gro\u00dfz\u00fcgige Ausstellung mit einer gro\u00dfe Auswahl an hochwertigen Wand- und Bodenfliesen f\u00fcr den Innen- und Au\u00dfenbereich, sondern visualisieren mit Ihnen und mit Hilfe unseres Badplanungsprogramms <em>ViSoft <\/em>auch Ihr zuk\u00fcnftiges Bad vorab am Bildschirm. Somit begleiten wir Sie von der Planung bis zur Umsetzung.<\/span><\/p>\n<p><span style=\"color: #000000;\">Standard Wand- und Bodenfliesen im Ma\u00df 30 x 60 cm f\u00fcr das klassische Bad in wei\u00df\/ grau f\u00fchren wir auf Lager. Alle weiteren Fliesen aus unserer Ausstellung sind auf Bestellung bei uns erh\u00e4ltlich und liegen bei uns innerhalb von ca. 2-3 Werktagen f\u00fcr Sie bereit.&nbsp;<\/span><span style=\"color: #000000;\">Ebenso f\u00fchren wir in unserem Bestellsortiment diverse Laminatb\u00f6den in verschiedenen Ausf\u00fchrungen.<\/span><\/p>\n<h3>&nbsp;<\/h3>\n<h3><span style=\"color: #000000;\">Ihre Fachberater:&nbsp;Fliesen\/Bodenbel\u00e4ge<\/span><\/h3>\n<hr>\n<h4><span style=\"color: #000000;\"><img decoding=\"async\" loading=\"lazy\" class=\"alignleft wp-image-688 size-thumbnail\" src=\"http:\/\/www.mertens-unna.de\/wp-content\/uploads\/2016\/08\/0018-150x150.jpg\" width=\"150\" height=\"150\">Anja Hillebrand<\/span><\/h4>\n<p><span style=\"color: #000000;\">Telefon (0 23 03)&nbsp;9 86 93-4<\/span><br \/>\n<span style=\"color: #000000;\">E-Mail: <a href=\"mailto:hillebrand@mertens-unna.de\">hillebrand@mertens-unna.de<\/a><\/span><\/p>\n<h3>&nbsp;<\/h3>\n<h3>&nbsp;<\/h3>\n<h3>&nbsp;<\/h3>\n<p><img decoding=\"async\" loading=\"lazy\" class=\"alignleft wp-image-724 size-thumbnail\" src=\"http:\/\/www.mertens-unna.de\/wp-content\/uploads\/2016\/12\/002-Mertens-150x150.jpg\" width=\"150\" height=\"150\" srcset=\"http:\/\/www.mertens-unna.de\/wp-content\/uploads\/2016\/12\/002-Mertens-150x150.jpg 150w, http:\/\/www.mertens-unna.de\/wp-content\/uploads\/2016\/12\/002-Mertens-80x80.jpg 80w, http:\/\/www.mertens-unna.de\/wp-content\/uploads\/2016\/12\/002-Mertens-118x118.jpg 118w, http:\/\/www.mertens-unna.de\/wp-content\/uploads\/2016\/12\/002-Mertens-239x239.jpg 239w\" sizes=\"(max-width: 150px) 100vw, 150px\" \/><\/p>\n<h4><span style=\"color: #000000;\">Uwe M\u00fcller<\/span><\/h4>\n<p><span style=\"color: #000000;\">Telefon&nbsp;(0 23 03)&nbsp;9 86 93-5<\/span><br \/>\n<span style=\"color: #000000;\">E-Mail:&nbsp;<\/span><span class=\"s1\"><a href=\"mailto:mueller@mertens-unna.de\">mueller@mertens-unna.de<\/a><\/span><\/p>\n<h3>&nbsp;<\/h3>\n<p>&nbsp;<\/p>\n<\/div>\n<\/div>\n<\/div>\n<p>&nbsp;<\/p>\n<h3>Wir arbeiten mit nachstehenden Herstellern zusammen<\/h3>\n<hr>\n<p><span style=\"color: #000000;\">Steuler-Fliesen GmbH<\/span><br \/>\n<span style=\"color: #ffcc00;\"> <a style=\"color: #ffcc00;\" href=\"http:\/\/www.steuler-fliesen.de\/\" target=\"_blank\">www.steuler-fliesen.de<\/a><\/span><\/p>\n<p><span style=\"color: #000000;\">unicom srl<\/span><br \/>\n<span style=\"color: #ffcc00;\"> <a style=\"color: #ffcc00;\" href=\"http:\/\/www.unicomstarker.it\/\" target=\"_blank\">www.unicomstarker.it<\/a><\/span><\/p>\n<p><span style=\"color: #000000;\">Colorker SA<\/span><br \/>\n<span style=\"color: #000000;\"> <a style=\"color: #000000;\" href=\"http:\/\/www.colorker.com\/\" target=\"_blank\">www.colorker.com<\/a><\/span><\/p>\n<p><span style=\"color: #000000;\">Kerateam Fliesenproduktions und -vertriebs GmbH &amp; Co. KG<\/span><br \/>\n<span style=\"color: #ffcc00;\"> <a style=\"color: #ffcc00;\" href=\"http:\/\/www.kerateam.de\/\" target=\"_blank\">www.kerateam.de<\/a><\/span><\/p>\n","protected":false},"excerpt":{"rendered":"<p>Gut gebaut mit&#8230; Mertens Baustoffe Leistungsumgang: Fliesen\/Bodenbel\u00e4ge Im Fachbereich Fliese sind wir f\u00fcr Sie genau der richtige Ansprechpartner! Wir verf\u00fcgen nicht nur \u00fcber eine gro\u00dfz\u00fcgige Ausstellung mit einer gro\u00dfe Auswahl an hochwertigen Wand- und Bodenfliesen f\u00fcr den Innen- und Au\u00dfenbereich, sondern visualisieren mit Ihnen und mit Hilfe unseres Badplanungsprogramms ViSoft auch Ihr zuk\u00fcnftiges Bad vorab&#8230;<\/p>\n","protected":false},"author":1,"featured_media":0,"parent":0,"menu_order":13,"comment_status":"closed","ping_status":"closed","template":"","meta":[],"_links":{"self":[{"href":"http:\/\/www.mertens-unna.de\/index.php?rest_route=\/wp\/v2\/pages\/44"}],"collection":[{"href":"http:\/\/www.mertens-unna.de\/index.php?rest_route=\/wp\/v2\/pages"}],"about":[{"href":"http:\/\/www.mertens-unna.de\/index.php?rest_route=\/wp\/v2\/types\/page"}],"author":[{"embeddable":true,"href":"http:\/\/www.mertens-unna.de\/index.php?rest_route=\/wp\/v2\/users\/1"}],"replies":[{"embeddable":true,"href":"http:\/\/www.mertens-unna.de\/index.php?rest_route=%2Fwp%2Fv2%2Fcomments&post=44"}],"version-history":[{"count":39,"href":"http:\/\/www.mertens-unna.de\/index.php?rest_route=\/wp\/v2\/pages\/44\/revisions"}],"predecessor-version":[{"id":1089,"href":"http:\/\/www.mertens-unna.de\/index.php?rest_route=\/wp\/v2\/pages\/44\/revisions\/1089"}],"wp:attachment":[{"href":"http:\/\/www.mertens-unna.de\/index.php?rest_route=%2Fwp%2Fv2%2Fmedia&parent=44"}],"curies":[{"name":"wp","href":"https:\/\/api.w.org\/{rel}","templated":true}]}}

Fliesen/ Bodenbeläge

<div>
<div id="main-col">
<div id="page-50">
<h1 style="text-align: left;"><strong><span style="color: #ffcc00;">Gut gebaut mit&#8230; Mertens Baustoffe</span></strong></h1>
<h3><span style="color: #000000;">Leistungsumgang: Fliesen/Bodenbeläge</span></h3>
<hr>
<h3><span style="color: #000000;"><img decoding="async" loading="lazy" class="alignright wp-image-555" src="http://www.mertens-unna.de/wp-content/uploads/2016/06/Fliesen.jpg" width="350" height="233" srcset="http://www.mertens-unna.de/wp-content/uploads/2016/06/Fliesen.jpg 1688w, http://www.mertens-unna.de/wp-content/uploads/2016/06/Fliesen-300x200.jpg 300w, http://www.mertens-unna.de/wp-content/uploads/2016/06/Fliesen-768x512.jpg 768w, http://www.mertens-unna.de/wp-content/uploads/2016/06/Fliesen-1024x682.jpg 1024w, http://www.mertens-unna.de/wp-content/uploads/2016/06/Fliesen-250x167.jpg 250w" sizes="(max-width: 350px) 100vw, 350px" /></span></h3>
<p><span style="color: #000000;">Im Fachbereich Fliese sind wir für Sie genau der richtige Ansprechpartner! Wir verfügen nicht nur über eine großzügige Ausstellung mit einer große Auswahl an hochwertigen Wand- und Bodenfliesen für den Innen- und Außenbereich, sondern visualisieren mit Ihnen und mit Hilfe unseres Badplanungsprogramms <em>ViSoft </em>auch Ihr zukünftiges Bad vorab am Bildschirm. Somit begleiten wir Sie von der Planung bis zur Umsetzung.</span></p>
<p><span style="color: #000000;">Standard Wand- und Bodenfliesen im Maß 30 x 60 cm für das klassische Bad in weiß/ grau führen wir auf Lager. Alle weiteren Fliesen aus unserer Ausstellung sind auf Bestellung bei uns erhältlich und liegen bei uns innerhalb von ca. 2-3 Werktagen für Sie bereit.&nbsp;</span><span style="color: #000000;">Ebenso führen wir in unserem Bestellsortiment diverse Laminatböden in verschiedenen Ausführungen.</span></p>
<h3>&nbsp;</h3>
<h3><span style="color: #000000;">Ihre Fachberater:&nbsp;Fliesen/Bodenbeläge</span></h3>
<hr>
<h4><span style="color: #000000;"><img decoding="async" loading="lazy" class="alignleft wp-image-688 size-thumbnail" src="http://www.mertens-unna.de/wp-content/uploads/2016/08/0018-150x150.jpg" width="150" height="150">Anja Hillebrand</span></h4>
<p><span style="color: #000000;">Telefon (0 23 03)&nbsp;9 86 93-4</span><br />
<span style="color: #000000;">E-Mail: <a href="mailto:hillebrand@mertens-unna.de">hillebrand@mertens-unna.de</a></span></p>
<h3>&nbsp;</h3>
<h3>&nbsp;</h3>
<h3>&nbsp;</h3>
<p><img decoding="async" loading="lazy" class="alignleft wp-image-724 size-thumbnail" src="http://www.mertens-unna.de/wp-content/uploads/2016/12/002-Mertens-150x150.jpg" width="150" height="150" srcset="http://www.mertens-unna.de/wp-content/uploads/2016/12/002-Mertens-150x150.jpg 150w, http://www.mertens-unna.de/wp-content/uploads/2016/12/002-Mertens-80x80.jpg 80w, http://www.mertens-unna.de/wp-content/uploads/2016/12/002-Mertens-118x118.jpg 118w, http://www.mertens-unna.de/wp-content/uploads/2016/12/002-Mertens-239x239.jpg 239w" sizes="(max-width: 150px) 100vw, 150px" /></p>
<h4><span style="color: #000000;">Uwe Müller</span></h4>
<p><span style="color: #000000;">Telefon&nbsp;(0 23 03)&nbsp;9 86 93-5</span><br />
<span style="color: #000000;">E-Mail:&nbsp;</span><span class="s1"><a href="mailto:mueller@mertens-unna.de">mueller@mertens-unna.de</a></span></p>
<h3>&nbsp;</h3>
<p>&nbsp;</p>
</div>
</div>
</div>
<p>&nbsp;</p>
<h3>Wir arbeiten mit nachstehenden Herstellern zusammen</h3>
<hr>
<p><span style="color: #000000;">Steuler-Fliesen GmbH</span><br />
<span style="color: #ffcc00;"> <a style="color: #ffcc00;" href="http://www.steuler-fliesen.de/" target="_blank">www.steuler-fliesen.de</a></span></p>
<p><span style="color: #000000;">unicom srl</span><br />
<span style="color: #ffcc00;"> <a style="color: #ffcc00;" href="http://www.unicomstarker.it/" target="_blank">www.unicomstarker.it</a></span></p>
<p><span style="color: #000000;">Colorker SA</span><br />
<span style="color: #000000;"> <a style="color: #000000;" href="http://www.colorker.com/" target="_blank">www.colorker.com</a></span></p>
<p><span style="color: #000000;">Kerateam Fliesenproduktions und -vertriebs GmbH &amp; Co. KG</span><br />
<span style="color: #ffcc00;"> <a style="color: #ffcc00;" href="http://www.kerateam.de/" target="_blank">www.kerateam.de</a></span></p>

<p>Gut gebaut mit&#8230; Mertens Baustoffe Leistungsumgang: Fliesen/Bodenbeläge Im Fachbereich Fliese sind wir für Sie genau der richtige Ansprechpartner! Wir verfügen nicht nur über eine großzügige Ausstellung mit einer große Auswahl an hochwertigen Wand- und Bodenfliesen für den Innen- und Außenbereich, sondern visualisieren mit Ihnen und mit Hilfe unseres Badplanungsprogramms ViSoft auch Ihr zukünftiges Bad vorab&#8230;</p>
