{"id":59,"date":"2014-01-28T21:08:26","date_gmt":"2014-01-28T19:08:26","guid":{"rendered":"http:\/\/www.mertens-unna.de\/?page_id=59"},"modified":"2019-07-22T17:16:46","modified_gmt":"2019-07-22T15:16:46","slug":"bauelemente","status":"publish","type":"page","link":"http:\/\/www.mertens-unna.de\/?page_id=59","title":{"rendered":"Bauelemente"},"content":{"rendered":"<h1 style=\"text-align: left;\"><strong><span style=\"color: #ffcc00;\">Gut gebaut mit&#8230; Mertens Baustoffe<\/span><\/strong><\/h1>\n<h3><span style=\"color: #000000;\">Leistungsumgang:&nbsp;<\/span><span style=\"color: #000000;\">Bauelemente<\/span><\/h3>\n<hr>\n<h3><strong><img decoding=\"async\" loading=\"lazy\" class=\"alignright wp-image-553\" src=\"http:\/\/www.mertens-unna.de\/wp-content\/uploads\/2016\/06\/Bauelemente-1024x682.jpg\" width=\"350\" height=\"233\" srcset=\"http:\/\/www.mertens-unna.de\/wp-content\/uploads\/2016\/06\/Bauelemente-1024x682.jpg 1024w, http:\/\/www.mertens-unna.de\/wp-content\/uploads\/2016\/06\/Bauelemente-300x200.jpg 300w, http:\/\/www.mertens-unna.de\/wp-content\/uploads\/2016\/06\/Bauelemente-768x512.jpg 768w, http:\/\/www.mertens-unna.de\/wp-content\/uploads\/2016\/06\/Bauelemente-250x167.jpg 250w, http:\/\/www.mertens-unna.de\/wp-content\/uploads\/2016\/06\/Bauelemente.jpg 1688w\" sizes=\"(max-width: 350px) 100vw, 350px\" \/><\/strong><\/h3>\n<p><span style=\"color: #000000;\">Im Segment Bauelemente f\u00fchren wir ein vielf\u00e4ltiges Sortiment an Garagentoren, Fenster sowie Haus- und Innent\u00fcren. Unsere Ausstellung verf\u00fcgt u.a. \u00fcber Sektionaltore, welche f\u00fcr Sie zur Ansicht und zu Testzwecken bereit stehen.<\/span><\/p>\n<p><span style=\"color: #000000;\">Auftragsbezogene und nach Ma\u00df angefertigte Ware erhalten Sie auf Bestellung. F\u00fcr eine optimale und individuelle Beratung f\u00fchren wir die Abmessungen auch gerne vor Ort durch und begleiten Sie von der Planung bis zur Montage!<\/span><\/p>\n<p>&nbsp;<\/p>\n<p>&nbsp;<\/p>\n<h3><span style=\"color: #000000;\">Ihre Fachberaterin:&nbsp;Bauelemente<\/span><\/h3>\n<hr>\n<p><img decoding=\"async\" loading=\"lazy\" class=\"alignleft wp-image-687 size-thumbnail\" src=\"http:\/\/www.mertens-unna.de\/wp-content\/uploads\/2016\/08\/0015-150x150.jpg\" width=\"150\" height=\"150\"><\/p>\n<h4><span style=\"color: #000000;\">Nina Hangebrock<\/span><\/h4>\n<p><span style=\"color: #000000;\">Telefon&nbsp;(0 23 03)&nbsp;9 86 93-4<\/span><br \/>\n<span style=\"color: #000000;\">E-Mail:&nbsp;<\/span><span class=\"s1\"><a href=\"mailto:nhangebrock@mertens-unna.de\">nhangebrock@mertens-unna.de<\/a><\/span><\/p>\n<h3>&nbsp;<\/h3>\n<h3>&nbsp;<\/h3>\n<p>&nbsp;<\/p>\n<h3><span style=\"color: #000000;\">Wir arbeiten mit nachstehenden Herstellern zusammen<\/span><\/h3>\n<hr>\n<p><span style=\"color: #000000;\">H\u00f6rmann KG Verkaufsgesellschaft<\/span><br \/>\n<span style=\"color: #ffcc00;\"><a style=\"line-height: 1.5; color: #ffcc00;\" href=\"http:\/\/www.hoermann.de\/\" target=\"_blank\">www.hoermann.de<\/a><\/span><\/p>\n<p><span style=\"color: #000000;\">FeBa Fensterbau GmbH<\/span><br \/>\n<span style=\"color: #ffcc00;\"> <a style=\"color: #ffcc00;\" href=\"http:\/\/www.feba.de\/start\/\" target=\"_blank\">www.feba.de<\/a><\/span><\/p>\n<p><span style=\"color: #000000;\">VELUX Deutschland GmbH<\/span><br \/>\n<span style=\"color: #ffcc00;\"> <a style=\"color: #ffcc00;\" href=\"http:\/\/www.velux.de\/\" target=\"_blank\">www.velux.de<\/a><\/span><\/p>\n<p><span style=\"color: #000000;\">Herholz Vertrieb GmbH &amp; Co. KG<\/span><br \/>\n<span style=\"color: #ffcc00;\"> <a style=\"color: #ffcc00;\" href=\"http:\/\/www.herholz.de\/\" target=\"_blank\">www.herholz.de<\/a><\/span><\/p>\n<p><span style=\"color: #000000;\">PR\u00dcM-T\u00fcrenwerk GmbH<\/span><br \/>\n<span style=\"color: #ffcc00;\"> <a style=\"color: #ffcc00;\" href=\"http:\/\/www.tuer.de\/\" target=\"_blank\">www.tuer.de<\/a><\/span><\/p>\n","protected":false},"excerpt":{"rendered":"<p>Gut gebaut mit&#8230; Mertens Baustoffe Leistungsumgang:&nbsp;Bauelemente Im Segment Bauelemente f\u00fchren wir ein vielf\u00e4ltiges Sortiment an Garagentoren, Fenster sowie Haus- und Innent\u00fcren. Unsere Ausstellung verf\u00fcgt u.a. \u00fcber Sektionaltore, welche f\u00fcr Sie zur Ansicht und zu Testzwecken bereit stehen. Auftragsbezogene und nach Ma\u00df angefertigte Ware erhalten Sie auf Bestellung. F\u00fcr eine optimale und individuelle Beratung f\u00fchren wir&#8230;<\/p>\n","protected":false},"author":1,"featured_media":0,"parent":0,"menu_order":18,"comment_status":"closed","ping_status":"closed","template":"","meta":[],"_links":{"self":[{"href":"http:\/\/www.mertens-unna.de\/index.php?rest_route=\/wp\/v2\/pages\/59"}],"collection":[{"href":"http:\/\/www.mertens-unna.de\/index.php?rest_route=\/wp\/v2\/pages"}],"about":[{"href":"http:\/\/www.mertens-unna.de\/index.php?rest_route=\/wp\/v2\/types\/page"}],"author":[{"embeddable":true,"href":"http:\/\/www.mertens-unna.de\/index.php?rest_route=\/wp\/v2\/users\/1"}],"replies":[{"embeddable":true,"href":"http:\/\/www.mertens-unna.de\/index.php?rest_route=%2Fwp%2Fv2%2Fcomments&post=59"}],"version-history":[{"count":28,"href":"http:\/\/www.mertens-unna.de\/index.php?rest_route=\/wp\/v2\/pages\/59\/revisions"}],"predecessor-version":[{"id":1088,"href":"http:\/\/www.mertens-unna.de\/index.php?rest_route=\/wp\/v2\/pages\/59\/revisions\/1088"}],"wp:attachment":[{"href":"http:\/\/www.mertens-unna.de\/index.php?rest_route=%2Fwp%2Fv2%2Fmedia&parent=59"}],"curies":[{"name":"wp","href":"https:\/\/api.w.org\/{rel}","templated":true}]}}